3 a composite number?
False
Is 7151 a prime number?
True
Is 242221 composite?
True
Is 343151 prime?
False
Is 533581 a prime number?
True
Is 296977 composite?
True
Is 299 composite?
True
Is 546979 prime?
False
Is 5231753 composite?
False
Is 1150349 a composite number?
False
Is 4085683 a prime number?
False
Is 1123 a composite number?
False
Is 537637 a prime number?
True
Is 9863 prime?
False
Is 27617 a prime number?
True
Is 623813 a prime number?
False
Is 7819 prime?
False
Is 220921 prime?
False
Is 621713 prime?
False
Is 449797 a prime number?
True
Is 204101 a composite number?
False
Is 254729 composite?
False
Is 16649 a prime number?
True
Is 13341 a prime number?
False
Is 52483 a prime number?
False
Is 232945 composite?
True
Is 18215 prime?
False
Is 14509 a composite number?
True
Is 129923 a prime number?
False
Is 18001 a prime number?
False
Is 115697 a composite number?
True
Is 228895 a prime number?
False
Is 133053 a composite number?
True
Is 790553 a composite number?
True
Is 19813 composite?
False
Is 2003487 a composite number?
True
Is 881105 prime?
False
Is 31669 prime?
False
Is 398887 a prime number?
True
Is 409063 a composite number?
False
Is 29749 a composite number?
True
Is 819229 prime?
True
Is 219161 a composite number?
True
Is 104435 a composite number?
True
Is 5413 a composite number?
False
Is 14453 prime?
False
Is 63698 prime?
False
Is 523603 composite?
False
Is 13901 a prime number?
True
Is 266043 a composite number?
True
Is 100561 a composite number?
True
Is 1263437 prime?
False
Is 43079 composite?
True
Is 8809 a composite number?
True
Is 383639 prime?
False
Is 3683 prime?
False
Is 339613 composite?
False
Is 3215611 composite?
True
Is 10651 a composite number?
False
Is 144335 a composite number?
True
Is 4222606 a prime number?
False
Is 1297841 composite?
False
Is 731 prime?
False
Is 292685 prime?
False
Is 26591 a composite number?
False
Is 275371 composite?
False
Is 893 a composite number?
True
Is 495491 a composite number?
False
Is 256007 a prime number?
False
Is 5623 prime?
True
Is 11731 a prime number?
True
Is 18743 composite?
False
Is 250777 composite?
False
Is 20663 a composite number?
False
Is 54413 a composite number?
False
Is 2481 a composite number?
True
Is 52009 prime?
True
Is 2661 a composite number?
True
Is 903179 a prime number?
True
Is 2418755 prime?
False
Is 541193 a prime number?
True
Is 211129 composite?
False
Is 14621 prime?
True
Is 215653 prime?
True
Is 6521 composite?
False
Is 7789 a composite number?
False
Is 5209 composite?
False
Is 4871 prime?
True
Is 14609 a composite number?
True
Is 50309 a prime number?
False
Is 4861 prime?
True
Is 972787 a composite number?
False
Is 45613 prime?
True
Is 556867 a prime number?
True
Is 33481 composite?
True
Is 87077 prime?
False
Is 18839 prime?
True
Is 198791 a prime number?
False
Is 40087 a composite number?
False
Is 1399 a prime number?
True
Is 1997423 prime?
False
Is 367742 a composite number?
True
Is 11038 a composite number?
True
Is 32491 a prime number?
True
Is 90971 a composite number?
False
Is 118 prime?
False
Is 7723 a composite number?
False
Is 52259 a prime number?
True
Is 2773 a composite number?
True
Is 1543 a composite number?
False
Is 8457 a prime number?
False
Is 10289 a composite number?
False
Is 930011 a prime number?
True
Is 245161 prime?
False
Is 24571 a prime number?
True
Is 253057 a prime number?
False
Is 30389 a prime number?
True
Is 3849 a prime number?
False
Is 230663 prime?
True
Is 664882 prime?
False
Is 152959 a prime number?
True
Is 1249 a prime number?
True
Is 37159 composite?
False
Is 2219 a prime number?
False
Is 63062 prime?
False
Is 70331 composite?
True
Is 24029 a prime number?
True
Is 618161 a prime number?
True
Is 998681 prime?
True
Is 2586145 a composite number?
True
Is 607813 a composite number?
False
Is 890107 a prime number?
True
Is 32093 a prime number?
False
Is 545669 prime?
False
Is 33049 composite?
False
Is 135139 prime?
False
Is 29335 composite?
True
Is 132274 prime?
False
Is 439 a composite number?
False
Is 33961 composite?
False
Is 2143711 a prime number?
True
Is 262259 a composite number?
True
Is 206519 prime?
True
Is 40423 composite?
False
Is 149351 prime?
True
Is 639161 a prime number?
False
Is 26938 composite?
True
Is 87239 a composite number?
True
Is 3455 composite?
True
Is 1908259 a composite number?
False
Is 493 a prime number?
False
Is 2127 a composite number?
True
Is 370373 prime?
True
Is 9151 prime?
True
Is 84359 a prime number?
False
Is 17447 prime?
False
Is 146291 prime?
True
Is 490253 a composite number?
True
Is 394 a composite number?
True
Is 2749 prime?
True
Is 138617 composite?
False
Is 15551 a composite number?
False
Is 274 a prime number?
False
Is 13057 composite?
True
Is 2664399 composite?
True
Is 540713 composite?
False
Is 2179 prime?
True
Is 153407 prime?
True
Is 11957 composite?
True
Is 64861 composite?
True
Is 190979 prime?
True
Is 106931 a composite number?
True
Is 42487 a composite number?
False
Is 16057 composite?
False
Is 4307 composite?
True
Is 1606613 composite?
True
Is 47221 a prime number?
True
Is 117907 a composite number?
True
Is 2695921 a prime number?
False
Is 26963 prime?
False
Is 525487 prime?
False
Is 105505 a prime number?
False
Is 296627 a composite number?
False
Is 9407 composite?
True
Is 135797 a prime number?
False
Is 113341 a prime number?
True
Is 41269 a composite number?
False
Is 30181 composite?
False
Is 102347 a composite number?
True
Is 1471 a composite number?
False
Is 3223821 prime?
False
Is 20621 a prime number?
False
Is 205651 a composite number?
False
Is 16033 prime?
True
Is 285031 a prime number?
True
Is 1558079 prime?
True
Is 19063 a composite number?
True
Is 6947 composite?
False
Is 2592611 a composite number?
True
Is 18671 prime?
True
Is 65473 composite?
True
Is 730919 prime?
False
Is 29663 a prime number?
True
Is 89161 prime?
False
Is 1591883 composite?
False
Is 7079 prime?
True
Is 147881 composite?
False
Is 2333 prime?
True
Is 82757 a prime number?
True
Is 5123 a prime number?
False
Is 48947 a composite number?
False
Is 41799 composite?
True
Is 1789109 a prime number?
False
Is 2253 a composite number?
True
Is 39581 a prime number?
True
Is 5981 prime?
True
Is 5261 a composite number?
False
Is 25351 a composite number?
True
Is 355609 a prime number?
True
Is 35873 prime?
False
Is 4187 prime?
False
Is 90667 a composite number?
True
Is 101627 composite?
False
Is 6247 prime?
True
Is 254999 prime?
False
Is 24861 prime?
False
Is 341555 composite?
True
Is 1653017 prime?
False
Is 62411 prime?
False
Is 94229 a composite number?
False
Is 30867 prime?
False
Is 12841 a composite number?
False
Is 185221 composite?
False
Is 12767 a prime number?
False
Is 24071 prime?
True
Is 3155609 a prime number?
True
Is 4162 composite?
True
Is 2017 prime?
True
Is 1995793 a composite number?
True
Is 11969 a prime number?
True
Is 94793 composite?
False
Is 1409 a composite number?
False
Is 868691 prime?
True
Is 291 prime?
False
Is 97 a prime number?
True
Is 43853 a prime number?
True
Is 1553 a prime number?
True
Is 114113 a prime number?
True
Is 26797 composite?
True
Is 5333 prime?
True
Is 187951 a prime number?
True
Is 57103 a composite number?
True
Is 20477 a composite number?
False
Is 8501 composite?
False
Is 3641 a composite number?
True
Is 635 a composite number?
True
Is 20849 a composite number?
False
Is 1263769 a prime number?
False
Is 144883 a composite number?
False
Is 15227 composite?
False
Is 56461 a composite number?
True
Is 824269 a prime number?
True
Is 19946 composite?
True
Is 39421 prime?
False
Is 7283 prime?
True
Is 34205 composite?
True
Is 11283 prime?
False
Is 7355 a composite number?
True
Is 13105 composite?
True
Is 21859 a composite number?
False
Is 82811 a composite number?
False
Is 11863 a prime number?
True
Is 372655 prime?
False
Is 2473 a composite number?
False
Is 714269 prime?
False
Is 47599 composite?
False
Is 583 prime?
False
Is 83299 prime?
True
Is 2424241 composite?
False
Is 5003 a prime number?
True
Is 119231 prime?
False
Is 19831 a composite number?
True
Is 188873 prime?
False
Is 5807 composite?
False
Is 9469 prime?
False
Is 3007 composite?
True
Is 3329 prime?
True
Is 3348247 a composite number?
True
Is 77149 composite?
True
Is 10343 composite?
False
Is 52973 p